ase 9, what is 22544 + 2737?
25382
In base 2, what is -1011001111011111 - -1100010110?
-1011000011001001
In base 11, what is -4 - 3741729?
-3741732
In base 3, what is -10111101120 + -21?
-10111101211
In base 16, what is -b0d8 + 98e?
-a74a
In base 8, what is 3 - -142615204?
142615207
In base 16, what is -270f331 + -16?
-270f347
In base 14, what is -3a5ca14 + -3?
-3a5ca17
In base 8, what is -111236230 - -7?
-111236221
In base 16, what is 57a0 - 122?
567e
In base 4, what is 23310123 + -31?
23310032
In base 4, what is -1303 + -2013023?
-2020332
In base 8, what is -6427257 - -34?
-6427223
In base 15, what is 6b + 33e1a4?
33e220
In base 4, what is 13022100323122 - 1?
13022100323121
In base 12, what is -237 + -2702a2?
-270519
In base 2, what is -100101 - -10111001010010000001?
10111001010001011100
In base 14, what is 88044d + -26?
880427
In base 14, what is -1d4281 + -6b?
-1d430c
In base 7, what is 50355 - -2404?
53062
In base 2, what is 110011110001010 - 10101111101?
110001000001101
In base 9, what is -827808 + 55?
-827743
In base 11, what is 203662 + 19?
203680
In base 11, what is -261611744 - 0?
-261611744
In base 8, what is -7 + -3150460?
-3150467
In base 9, what is 155 - -236237?
236403
In base 2, what is 1011 - 111001100000010110111?
-111001100000010101100
In base 13, what is -2332 + 324?
-200b
In base 7, what is 4336 + 221554?
226223
In base 8, what is -1 + 36754161?
36754160
In base 15, what is -2aac34e8 + -2?
-2aac34ea
In base 14, what is 170ba - -23?
170dd
In base 2, what is 1011 + 11011111101001?
11011111110100
In base 10, what is -1 + -187851638?
-187851639
In base 2, what is -11000111111010100000011 - -101?
-11000111111010011111110
In base 16, what is 2 - 3a2587?
-3a2585
In base 2, what is 0 - 10011010100101101100000?
-10011010100101101100000
In base 15, what is -15 + 53c215?
53c200
In base 2, what is -10011011000111001100001 + 11?
-10011011000111001011110
In base 13, what is 1c99719 + -16?
1c99703
In base 2, what is -101111100110 - 1101101101?
-111101010011
In base 4, what is -2132010 - 1213203?
-10011213
In base 15, what is 23 + -8a9b49?
-8a9b26
In base 15, what is 37c + 27145?
274c2
In base 10, what is 31410 + -7860?
23550
In base 5, what is -101231 + -221334?
-323120
In base 11, what is -2518 + -4068?
-6585
In base 8, what is -16 - 1571425?
-1571443
In base 12, what is 1011b02 - 14?
1011aaa
In base 14, what is 337a + -3327?
53
In base 3, what is -1021010220 + -110021?
-1021121011
In base 14, what is cc + -283a4?
-282b6
In base 9, what is 12501705 + 0?
12501705
In base 5, what is -202334104 + 23?
-202334031
In base 11, what is 625 - -29155?
2977a
In base 13, what is -7 - 49b783?
-49b78a
In base 16, what is 3 - 13f248d?
-13f248a
In base 4, what is 11123 - -11102122?
11113311
In base 11, what is -3239680 - 89?
-3239759
In base 12, what is 17b + 1a0a7?
1a266
In base 7, what is 113016106 - -2?
113016111
In base 4, what is -112020320101 + 1211?
-112020312230
In base 4, what is -1001200113 - 110?
-1001200223
In base 14, what is 4c4b6 + -55?
4c461
In base 13, what is -2892 - -40a5?
1513
In base 7, what is -3 + 533006524?
533006521
In base 12, what is 65676 + 47?
65701
In base 7, what is -55 - -1411632?
1411544
In base 12, what is 942b461 + 5?
942b466
In base 4, what is 21 - -123013020000?
123013020021
In base 2, what is 1100 + 110010100001111001?
110010100010000101
In base 4, what is -1012331 - -121102?
-231223
In base 16, what is -6 - -35c8c2?
35c8bc
In base 12, what is -4 - -8106214?
8106210
In base 13, what is -2bac37c + -1?
-2bac380
In base 4, what is -10 + 1300213102211?
1300213102201
In base 12, what is 2013134 + -6?
201312a
In base 15, what is -10045e8 - 37?
-1004630
In base 5, what is 1220324403220 - 4?
1220324403211
In base 9, what is 77 - 3475170?
-3475082
In base 11, what is -160 + -139064?
-139214
In base 4, what is 23031031130 - 10?
23031031120
In base 10, what is 4108376 - 2?
4108374
In base 8, what is -104 + -12252472?
-12252576
In base 12, what is -25 - 69b7b2?
-69b817
In base 4, what is -110 - 11100231121?
-11100231231
In base 11, what is -9602026 + -1?
-9602027
In base 14, what is -75673b - -a?
-756731
In base 4, what is -1 + 13013011231133?
13013011231132
In base 6, what is -135244 + 315?
-134525
In base 16, what is -3a9a5 + -1d?
-3a9c2
In base 14, what is 362200b - -4?
3622011
In base 9, what is -4501 + 1682?
-2708
In base 15, what is -623 + e2b?
808
In base 2, what is 1011100 - -100111011000011001010000?
100111011000011010101100
In base 13, what is 36 + 23cc893?
23cc8c9
In base 4, what is 11 - -11032111120?
11032111131
In base 2, what is 11011001001 + 10011110100100?
10111001101101
In base 12, what is -183b9 - -921a?
-b19b
In base 7, what is 326231 - -14?
326245
In base 12, what is -1890b21 + 6?
-1890b17
In base 5, what is 312332 - -220011?
1032343
In base 5, what is 21321024 - 131?
21320343
In base 8, what is 23376 + -1622?
21554
In base 9, what is 585420 - -1580?
587110
In base 3, what is -10112010100 - -211010?
-10111022020
In base 8, what is -12 - -101762543?
101762531
In base 11, what is -10359 - -45a?
-a9aa
In base 7, what is 66254016 - -6?
66254025
In base 12, what is 800325 + -4?
800321
In base 9, what is -4178 - -410277?
405088
In base 11, what is -13280535a + 1?
-132805359
In base 8, what is -5562 + -32755?
-40537
In base 3, what is 10002 + -221102122020?
-221102112011
In base 13, what is 41b3834 - 1?
41b3833
In base 13, what is b8b362 + 1?
b8b363
In base 2, what is -11110101001011 + -110011?
-11110101111110
In base 7, what is -1033456662 + -43?
-1033460035
In base 16, what is 30e99b + 32?
30e9cd
In base 3, what is -20 - -100110210122022?
100110210122002
In base 5, what is -132 + -10212212?
-10212344
In base 11, what is a20191 - -21?
a20202
In base 11, what is -39315 + 390?
-38a35
In base 12, what is 2 + 1016695?
1016697
In base 12, what is -6 - 15421934?
-1542193a
In base 7, what is -44141 - 51243?
-125414
In base 9, what is -3 + 15462433?
15462430
In base 8, what is 564361447 + -1?
564361446
In base 3, what is -12021021 - -1101120112?
1012022021
In base 4, what is 10023323232320 + 0?
10023323232320
In base 12, what is -1228548 + -12a?
-1228676
In base 10, what is 5 + 702049?
702054
In base 9, what is 2180 + 170716?
173006
In base 8, what is 236 - 20475?
-20237
In base 14, what is 93016b + -16?
930155
In base 3, what is 21 - 102212021110011?
-102212021102220
In base 5, what is 42032234132 + -3?
42032234124
In base 13, what is 4963b + 22b8?
4b926
In base 13, what is c0bbc1 - 14?
c0bbaa
In base 9, what is 258785 + -8?
258776
In base 14, what is -4 + 3ca56795?
3ca56791
In base 7, what is 6410055643 - -1?
6410055644
In base 8, what is -22 - -5564426?
5564404
In base 8, what is -572 - -113460?
112666
In base 2, what is 10110100 - 100101100010010?
-100101001011110
In base 7, what is -610352 + 22?
-610330
In base 14, what is -89a9 + -727?
-92d2
In base 7, what is -3530602 - -1216?
-3526353
In base 10, what is -53449 + -1659?
-55108
In base 6, what is 0 - 22314305250?
-22314305250
In base 12, what is 4 + -40b40aa?
-40b40a6
In base 12, what is -15a53 - -22a9?
-13766
In base 4, what is -11002132 - -111320?
-10230212
In base 7, what is -453112436 + -2?
-453112441
In base 4, what is -3012000 + 23220?
-2322120
In base 9, what is 8 - 5054845?
-5054836
In base 6, what is -155 + -40140?
-40335
In base 12, what is 2aa - 20?
28a
In base 14, what is 2941977 - -1?
2941978
In base 15, what is -2 - 6c214e3?
-6c214e5
In base 14, what is -7 - -482bb?
482b4
In base 4, what is -2220233 + -22220230?
-31101123
In base 9, what is -2181 - 321?
-2512
In base 14, what is 276d65 + -1aa?
276b99
In base 8, what is -14737756 + 6?
-14737750
In base 12, what is -8155 - 4429?
-10582
In base 2, what is 1110111000011011 - -1100001011?
1111000100100110
In base 16, what is 2 - -210d218?
210d21a
In base 5, what is 3 + 11002033441?
11002033444
In base 6, what is 4 + -21204340214?
-21204340210
In base 14, what is -1458 + d08c?
ba34
In base 5, what is 103432 + -104130?
-143
In base 6, what is 20550 + -1050312?
-1025322
In base 3, what is 12101101122221 - -100?
12101101200021
In base 3, what is -2022110 + -10110120001?
-10112212111
In base 3, what is 2202 - 1212122210102?
-1212122200200
In base 9, what is 757 - 28708?
-27841
In base 11, what is 16a13a 